{"id":4776,"date":"2025-01-11T12:27:35","date_gmt":"2025-01-11T11:27:35","guid":{"rendered":"https:\/\/afav.dev-in.fr\/?page_id=4776"},"modified":"2025-10-07T22:58:14","modified_gmt":"2025-10-07T20:58:14","slug":"lafav-40-ans-dactivites-pour-letude-du-verre-archeologique","status":"publish","type":"page","link":"https:\/\/afaverre.fr\/Afaverre\/lafav-40-ans-dactivites-pour-letude-du-verre-archeologique\/","title":{"rendered":"L\u2019AFAV : 40 ans d\u2019activit\u00e9s pour l\u2019\u00e9tude du verre arch\u00e9ologique"},"content":{"rendered":"\n<div class=\"wp-block-group has-global-padding is-layout-constrained wp-block-group-is-layout-constrained\" style=\"padding-top:var(--wp--preset--spacing--50);padding-bottom:var(--wp--preset--spacing--50)\">\n<p>L\u2019<strong>AFAV<\/strong>,&nbsp;<strong>Association Fran\u00e7aise pour l\u2019Arch\u00e9ologie du Verre<\/strong>, depuis sa cr\u00e9ation en 1985, a pour vocation la promotion et l\u2019\u00e9tude du verre ancien (de l\u2019Antiquit\u00e9 \u00e0 l\u2019\u00e9poque Moderne) et la diffusion de cette recherche. L\u2019histoire du verre et de ses techniques, abord\u00e9e \u00e0 partir des sources arch\u00e9ologiques, historiques, iconographiques et arch\u00e9om\u00e9triques, et la conservation et la restauration des verres sont nos domaines de pr\u00e9dilection.<\/p>\n<\/div>\n\n\n\n<div class=\"wp-block-group has-global-padding is-layout-constrained wp-block-group-is-layout-constrained\">\n<h2 class=\"wp-block-heading\" style=\"padding-bottom:var(--wp--preset--spacing--30)\">Activit\u00e9s de l\u2019AFAV<\/h2>\n\n\n\n<h3 class=\"wp-block-heading\">Les Rencontres<\/h3>\n\n\n\n<p>Avec le concours de partenaires venant d\u2019horizons tr\u00e8s divers (mus\u00e9es, universit\u00e9s, collectivit\u00e9s territoriales, industriels\u2026), l\u2019AFAV organise des<strong> rencontres annuelles<\/strong> dans des lieux toujours diff\u00e9rents. Lors de ces journ\u00e9es d\u2019\u00e9tude, sont pr\u00e9sent\u00e9s l\u2019actualit\u00e9 de la recherche sur le verre et divers travaux scientifiques. <\/p>\n\n\n\n<p>Des visites de mus\u00e9es, de collections de verreries, de sites arch\u00e9ologiques, d\u2019usines ou ateliers de production sont organis\u00e9es en parall\u00e8le. <\/p>\n\n\n\n<p>Les communications sont publi\u00e9es dans le Bulletin de l\u2019AFAV.<\/p>\n\n\n\n<div style=\"height:30px\" aria-hidden=\"true\" class=\"wp-block-spacer\"><\/div>\n\n\n\n<h3 class=\"wp-block-heading\">Les colloques<\/h3>\n\n\n\n<p>Notre association propose aussi un colloque triannuel et international, sur un th\u00e8me pr\u00e9cis. Cette manifestation se double le plus souvent d\u2019une exposition qui donne lieu \u00e0 la publication d\u2019un catalogue scientifique. <\/p>\n\n\n\n<p>Les actes du colloque sont publi\u00e9s par l\u2019AFAV dans les 18 mois qui suivent le colloque.<\/p>\n\n\n\n<div style=\"height:31px\" aria-hidden=\"true\" class=\"wp-block-spacer\"><\/div>\n\n\n\n<h3 class=\"wp-block-heading\">Les corpus<\/h3>\n\n\n\n<p>L\u2019AFAV s\u2019est aussi donn\u00e9 pour t\u00e2che la publication de corpus (verres \u00e0 sc\u00e8nes de spectacle ; marques sur verres antiques ; Verres incolores de l\u2019Antiquit\u00e9 romaine ).<\/p>\n\n\n\n<p>Participer \u00e0 l\u2019avancement de la connaissance du verre et mettre en relation tous les acteurs de cette recherche sont les buts principaux de l\u2019AFAV.<\/p>\n\n\n\n<div style=\"height:47px\" aria-hidden=\"true\" class=\"wp-block-spacer\"><\/div>\n<\/div>\n\n\n\n<h2 class=\"wp-block-heading\" style=\"margin-bottom:var(--wp--preset--spacing--30)\"><strong>Assembl\u00e9e g\u00e9n\u00e9rale de l\u2019AFAV<\/strong><\/h2>\n\n\n\n<p>La derni\u00e8re Assembl\u00e9e G\u00e9n\u00e9rale s&rsquo;est tenue en 2025 \u00e0 Saint-Alban-Auriolles.<\/p>\n\n\n\n<div style=\"height:39px\" aria-hidden=\"true\" class=\"wp-block-spacer\"><\/div>\n\n\n\n<h3 class=\"wp-block-heading is-style-default\"><strong>Composition du Bureau<\/strong><\/h3>\n\n\n\n<p>Pr\u00e9sidente : Aurore Louis,<\/p>\n\n\n\n<p>Vices Pr\u00e9sident.e.s : Jo\u00ebl Clesse et Claudine Munier,<\/p>\n\n\n\n<p>Secr\u00e9taire : Aline Colombier-Gougouzian, <\/p>\n\n\n\n<p>Secr\u00e9taire-Adjointe : Laudine Robin, <\/p>\n\n\n\n<p>Tr\u00e9sori\u00e8re: Jo\u00eblle Rolland, <\/p>\n\n\n\n<p>Tr\u00e9sori\u00e8re adjointe : Magalie Gu\u00e9rit.<\/p>\n","protected":false},"excerpt":{"rendered":"<p>L\u2019AFAV,&nbsp;Association Fran\u00e7aise pour l\u2019Arch\u00e9ologie du Verre, depuis sa cr\u00e9ation en 1985, a pour vocation la promotion et l\u2019\u00e9tude du verre ancien (de l\u2019Antiquit\u00e9 \u00e0 l\u2019\u00e9poque Moderne) et la diffusion de [&hellip;]<\/p>\n","protected":false},"author":1,"featured_media":0,"parent":0,"menu_order":0,"comment_status":"closed","ping_status":"closed","template":"","meta":{"_EventAllDay":false,"_EventTimezone":"","_EventStartDate":"","_EventEndDate":"","_EventStartDateUTC":"","_EventEndDateUTC":"","_EventShowMap":false,"_EventShowMapLink":false,"_EventURL":"","_EventCost":"","_EventCostDescription":"","_EventCurrencySymbol":"","_EventCurrencyCode":"","_EventCurrencyPosition":"","_EventDateTimeSeparator":"","_EventTimeRangeSeparator":"","_EventOrganizerID":[],"_EventVenueID":[],"_OrganizerEmail":"","_OrganizerPhone":"","_OrganizerWebsite":"","_VenueAddress":"","_VenueCity":"","_VenueCountry":"","_VenueProvince":"","_VenueState":"","_VenueZip":"","_VenuePhone":"","_VenueURL":"","_VenueStateProvince":"","_VenueLat":"","_VenueLng":"","_VenueShowMap":false,"_VenueShowMapLink":false,"footnotes":""},"class_list":["post-4776","page","type-page","status-publish","hentry"],"_links":{"self":[{"href":"https:\/\/afaverre.fr\/Afaverre\/wp-json\/wp\/v2\/pages\/4776","targetHints":{"allow":["GET"]}}],"collection":[{"href":"https:\/\/afaverre.fr\/Afaverre\/wp-json\/wp\/v2\/pages"}],"about":[{"href":"https:\/\/afaverre.fr\/Afaverre\/wp-json\/wp\/v2\/types\/page"}],"author":[{"embeddable":true,"href":"https:\/\/afaverre.fr\/Afaverre\/wp-json\/wp\/v2\/users\/1"}],"replies":[{"embeddable":true,"href":"https:\/\/afaverre.fr\/Afaverre\/wp-json\/wp\/v2\/comments?post=4776"}],"version-history":[{"count":63,"href":"https:\/\/afaverre.fr\/Afaverre\/wp-json\/wp\/v2\/pages\/4776\/revisions"}],"predecessor-version":[{"id":7518,"href":"https:\/\/afaverre.fr\/Afaverre\/wp-json\/wp\/v2\/pages\/4776\/revisions\/7518"}],"wp:attachment":[{"href":"https:\/\/afaverre.fr\/Afaverre\/wp-json\/wp\/v2\/media?parent=4776"}],"curies":[{"name":"wp","href":"https:\/\/api.w.org\/{rel}","templated":true}]}}