{"id":4822,"date":"2025-01-11T14:29:14","date_gmt":"2025-01-11T13:29:14","guid":{"rendered":"https:\/\/afav.dev-in.fr\/?page_id=4822"},"modified":"2025-04-01T23:11:02","modified_gmt":"2025-04-01T21:11:02","slug":"nous-contacter","status":"publish","type":"page","link":"https:\/\/afaverre.fr\/Afaverre\/nous-contacter\/","title":{"rendered":"Nous contacter"},"content":{"rendered":"\n<div class=\"wp-block-group has-global-padding is-layout-constrained wp-block-group-is-layout-constrained\" style=\"padding-top:var(--wp--preset--spacing--50)\">\n<h3 class=\"wp-block-heading\">Vous pouvez \u00e9crire, selon le sujet concern\u00e9, aux adresses suivantes : <\/h3>\n\n\n\n<p><\/p>\n\n\n\n<p>Partenariat&nbsp;: <a href=\"mailto:presidence@afaverre.fr\" target=\"_blank\" rel=\"noreferrer noopener\">presidence@afaverre.fr<\/a><\/p>\n\n\n\n<p>Adh\u00e9sion, Inscription aux rencontres, Achat et envoi bulletin annuel,\u00a0Achat de publications\u00a0: <a href=\"mailto:tresorerie@afaverre.fr\" target=\"_blank\" rel=\"noreferrer noopener\">tresorerie@afaverre.fr<\/a><\/p>\n\n\n\n<p>R\u00e9daction du bulletin&nbsp;: <a href=\"mailto:bulletin@afaverre.fr\" target=\"_blank\" rel=\"noreferrer noopener\">bulletin@afaverre.fr<\/a><\/p>\n\n\n\n<p>Site internet\u00a0: <a href=\"mailto:secretariat@afaverre.fr\" target=\"_blank\" rel=\"noreferrer noopener\">secretariat@afaverre.fr<\/a><\/p>\n\n\n\n<div style=\"height:40px\" aria-hidden=\"true\" class=\"wp-block-spacer\"><\/div>\n<\/div>\n\n\n\n<div class=\"wp-block-group has-global-padding is-layout-constrained wp-block-group-is-layout-constrained\">\n<h3 class=\"wp-block-heading\"><strong>Adh\u00e9sion \u00e0 l\u2019AFAV :<\/strong><\/h3>\n\n\n\n<p>Pour votre adh\u00e9sion annuelle \u00e0 l\u2019association, vous pouvez d\u00e9sormais adh\u00e9rer en ligne sur le site Hello Asso de l\u2019association&nbsp; :<\/p>\n\n\n\n<p><a href=\"https:\/\/www.helloasso.com\/associations\/association-francaise-pour-l-archeologie-du-verre\">https:\/\/www.helloasso.com\/associations\/association-francaise-pour-l-archeologie-du-verre<\/a><\/p>\n\n\n\n<h2 class=\"wp-block-heading\"><\/h2>\n\n\n\n<p>Lors de l\u2019adh\u00e9sion, vous pouvez choisir votre tarif (normal, \u00e9tudiants, demandeur d\u2019emploi). Une fois que vous avez pr\u00e9cis\u00e9 vos coordonn\u00e9es, une page r\u00e9capitulative s\u2019affiche avant le paiement. Sur cette page, HelloAsso vous propose de \u00ab contribuer au fonctionnement de HelloAsso \u00bb et ajoute un montant. Vous pouvez refuser en cliquant sur \u00ab modifier \u00bb et \u00ab je ne souhaite pas participer \u00bb si vous ne souhaitez pas soutenir HelloAsso. Vous pouvez \u00e9galement faire un don \u00e0 l\u2019association via cette page.<\/p>\n\n\n\n<p>Si vous ne souhaitez pas payer en ligne vous pouvez T\u00e9l\u00e9charger le formulaire d\u2019adh\u00e9sion :<\/p>\n\n\n\n<div class=\"wp-block-file\"><a id=\"wp-block-file--media-5a290692-a321-45a6-a37b-d7bebd96e69e\" href=\"https:\/\/afaverre.fr\/Afaverre\/wp-content\/uploads\/2025\/01\/Formulaire-adhesion-Afav-1.pdf\">Formulaire-adh\u00e9sion-Afav-1<\/a><a href=\"https:\/\/afaverre.fr\/Afaverre\/wp-content\/uploads\/2025\/01\/Formulaire-adhesion-Afav-1.pdf\" class=\"wp-block-file__button wp-element-button\" download aria-describedby=\"wp-block-file--media-5a290692-a321-45a6-a37b-d7bebd96e69e\">T\u00e9l\u00e9charger<\/a><\/div>\n\n\n\n<p><\/p>\n<\/div>\n","protected":false},"excerpt":{"rendered":"<p>Vous pouvez \u00e9crire, selon le sujet concern\u00e9, aux adresses suivantes : Partenariat&nbsp;: presidence@afaverre.fr Adh\u00e9sion, Inscription aux rencontres, Achat et envoi bulletin annuel,\u00a0Achat de publications\u00a0: tresorerie@afaverre.fr R\u00e9daction du bulletin&nbsp;: bulletin@afaverre.fr Site [&hellip;]<\/p>\n","protected":false},"author":1,"featured_media":0,"parent":0,"menu_order":0,"comment_status":"closed","ping_status":"closed","template":"","meta":{"_EventAllDay":false,"_EventTimezone":"","_EventStartDate":"","_EventEndDate":"","_EventStartDateUTC":"","_EventEndDateUTC":"","_EventShowMap":false,"_EventShowMapLink":false,"_EventURL":"","_EventCost":"","_EventCostDescription":"","_EventCurrencySymbol":"","_EventCurrencyCode":"","_EventCurrencyPosition":"","_EventDateTimeSeparator":"","_EventTimeRangeSeparator":"","_EventOrganizerID":[],"_EventVenueID":[],"_OrganizerEmail":"","_OrganizerPhone":"","_OrganizerWebsite":"","_VenueAddress":"","_VenueCity":"","_VenueCountry":"","_VenueProvince":"","_VenueState":"","_VenueZip":"","_VenuePhone":"","_VenueURL":"","_VenueStateProvince":"","_VenueLat":"","_VenueLng":"","_VenueShowMap":false,"_VenueShowMapLink":false,"footnotes":""},"class_list":["post-4822","page","type-page","status-publish","hentry"],"_links":{"self":[{"href":"https:\/\/afaverre.fr\/Afaverre\/wp-json\/wp\/v2\/pages\/4822","targetHints":{"allow":["GET"]}}],"collection":[{"href":"https:\/\/afaverre.fr\/Afaverre\/wp-json\/wp\/v2\/pages"}],"about":[{"href":"https:\/\/afaverre.fr\/Afaverre\/wp-json\/wp\/v2\/types\/page"}],"author":[{"embeddable":true,"href":"https:\/\/afaverre.fr\/Afaverre\/wp-json\/wp\/v2\/users\/1"}],"replies":[{"embeddable":true,"href":"https:\/\/afaverre.fr\/Afaverre\/wp-json\/wp\/v2\/comments?post=4822"}],"version-history":[{"count":10,"href":"https:\/\/afaverre.fr\/Afaverre\/wp-json\/wp\/v2\/pages\/4822\/revisions"}],"predecessor-version":[{"id":7089,"href":"https:\/\/afaverre.fr\/Afaverre\/wp-json\/wp\/v2\/pages\/4822\/revisions\/7089"}],"wp:attachment":[{"href":"https:\/\/afaverre.fr\/Afaverre\/wp-json\/wp\/v2\/media?parent=4822"}],"curies":[{"name":"wp","href":"https:\/\/api.w.org\/{rel}","templated":true}]}}